{"id":28,"date":"2018-11-18T08:06:07","date_gmt":"2018-11-18T08:06:07","guid":{"rendered":"http:\/\/taso.fi\/wordpress\/?page_id=28"},"modified":"2024-10-16T01:01:10","modified_gmt":"2024-10-15T22:01:10","slug":"taiteellinen-johtaja","status":"publish","type":"page","link":"https:\/\/taso.fi\/wordpress\/orkesteri\/taiteellinen-johtaja\/","title":{"rendered":"Taiteellinen johtaja"},"content":{"rendered":"\n<div class=\"wp-block-columns is-layout-flex wp-container-core-columns-is-layout-28f84493 wp-block-columns-is-layout-flex\">\n<div class=\"wp-block-column is-layout-flow wp-block-column-is-layout-flow\" style=\"flex-basis:66.66%\">\n<h1>Kimmo Tullila<\/h1>\n<p><span style=\"font-weight: 400;\">Sein\u00e4joelta l\u00e4ht\u00f6isin oleva viulisti-kapellimestari <\/span><b>Kimmo Tullila<\/b><span style=\"font-weight: 400;\"> opiskeli Sibelius-Akatemiassa viulunsoittoa ja orkesterinjohtoa. Viuludiplomin h\u00e4n teki v.1998 <\/span><b>Igor Bezrodnyin<\/b><span style=\"font-weight: 400;\"> johdolla ja jatkoi opintojaan kapellimestariluokalla opettajinaan mm. <\/span><b>Leif Segerstam, Atso Almila <\/b><span style=\"font-weight: 400;\">ja<\/span><b> Jorma Panula<\/b><span style=\"font-weight: 400;\">. Kapellimestaridiplomin h\u00e4n suoritti syksyll\u00e4 2009. <\/span><\/p>\n<p><span style=\"font-weight: 400;\">Tullila on johtanut my\u00f6s oopperaa ja musikaalia sek\u00e4 musiikin useisiin <\/span><b>Chaplinin <\/b><span style=\"font-weight: 400;\">elokuvien esityksiin. H\u00e4n ty\u00f6skentelee Tampere Filharmonian II-viulun \u00e4\u00e4nenjohtajana.\u00a0 Tampereen akateemisen sinfoniaorkesterin taiteellisena johtajana Tullila on toiminut sen perustamisesta l\u00e4htien.<\/span><\/p>\n<\/div>\n\n\n\n<div class=\"wp-block-column is-layout-flow wp-block-column-is-layout-flow\" style=\"flex-basis:33.33%\">\n<figure class=\"wp-block-image size-large is-resized\"><img loading=\"lazy\" decoding=\"async\" width=\"683\" height=\"1024\" src=\"https:\/\/taso.fi\/wordpress\/wp-content\/uploads\/2023\/04\/Kimmo-Tullila_Kuva_-Pianovilho-683x1024.jpg\" alt=\"\" class=\"wp-image-441\" style=\"width:321px;height:auto\" srcset=\"https:\/\/taso.fi\/wordpress\/wp-content\/uploads\/2023\/04\/Kimmo-Tullila_Kuva_-Pianovilho-683x1024.jpg 683w, https:\/\/taso.fi\/wordpress\/wp-content\/uploads\/2023\/04\/Kimmo-Tullila_Kuva_-Pianovilho-200x300.jpg 200w, https:\/\/taso.fi\/wordpress\/wp-content\/uploads\/2023\/04\/Kimmo-Tullila_Kuva_-Pianovilho-768x1152.jpg 768w, https:\/\/taso.fi\/wordpress\/wp-content\/uploads\/2023\/04\/Kimmo-Tullila_Kuva_-Pianovilho-1024x1536.jpg 1024w, https:\/\/taso.fi\/wordpress\/wp-content\/uploads\/2023\/04\/Kimmo-Tullila_Kuva_-Pianovilho-1365x2048.jpg 1365w, https:\/\/taso.fi\/wordpress\/wp-content\/uploads\/2023\/04\/Kimmo-Tullila_Kuva_-Pianovilho-1080x1620.jpg 1080w, https:\/\/taso.fi\/wordpress\/wp-content\/uploads\/2023\/04\/Kimmo-Tullila_Kuva_-Pianovilho-scaled.jpg 1707w\" sizes=\"(max-width: 683px) 100vw, 683px\" \/><\/figure>\n<\/div>\n<\/div>\n","protected":false},"excerpt":{"rendered":"<p>Kimmo Tullila Sein\u00e4joelta l\u00e4ht\u00f6isin oleva viulisti-kapellimestari Kimmo Tullila opiskeli Sibelius-Akatemiassa viulunsoittoa ja orkesterinjohtoa. Viuludiplomin h\u00e4n teki v.1998 Igor Bezrodnyin johdolla ja jatkoi opintojaan kapellimestariluokalla opettajinaan mm. Leif Segerstam, Atso Almila ja Jorma Panula. Kapellimestaridiplomin h\u00e4n suoritti syksyll\u00e4 2009. Tullila on johtanut my\u00f6s oopperaa ja musikaalia sek\u00e4 musiikin useisiin Chaplinin elokuvien esityksiin. H\u00e4n ty\u00f6skentelee Tampere Filharmonian [&hellip;]<\/p>\n","protected":false},"author":1,"featured_media":0,"parent":20,"menu_order":0,"comment_status":"closed","ping_status":"closed","template":"","meta":{"saved_in_kubio":false,"footnotes":""},"class_list":["post-28","page","type-page","status-publish","hentry"],"kubio_ai_page_context":{"short_desc":"","purpose":"general"},"jetpack_sharing_enabled":true,"_links":{"self":[{"href":"https:\/\/taso.fi\/wordpress\/wp-json\/wp\/v2\/pages\/28","targetHints":{"allow":["GET"]}}],"collection":[{"href":"https:\/\/taso.fi\/wordpress\/wp-json\/wp\/v2\/pages"}],"about":[{"href":"https:\/\/taso.fi\/wordpress\/wp-json\/wp\/v2\/types\/page"}],"author":[{"embeddable":true,"href":"https:\/\/taso.fi\/wordpress\/wp-json\/wp\/v2\/users\/1"}],"replies":[{"embeddable":true,"href":"https:\/\/taso.fi\/wordpress\/wp-json\/wp\/v2\/comments?post=28"}],"version-history":[{"count":9,"href":"https:\/\/taso.fi\/wordpress\/wp-json\/wp\/v2\/pages\/28\/revisions"}],"predecessor-version":[{"id":608,"href":"https:\/\/taso.fi\/wordpress\/wp-json\/wp\/v2\/pages\/28\/revisions\/608"}],"up":[{"embeddable":true,"href":"https:\/\/taso.fi\/wordpress\/wp-json\/wp\/v2\/pages\/20"}],"wp:attachment":[{"href":"https:\/\/taso.fi\/wordpress\/wp-json\/wp\/v2\/media?parent=28"}],"curies":[{"name":"wp","href":"https:\/\/api.w.org\/{rel}","templated":true}]}}